/10. Calculate the highest common divisor of r and 576.
36
Let j be -3 - (-65)/(-6) - 5/30. Let t = -50 + j. Let l = t + 76. Calculate the greatest common divisor of l and 48.
12
Let l be 21 - (10*-94896)/15. What is the highest common divisor of 15 and l?
15
Let d(n) = -n**2 + 6. Let j be d(4). Let l be (1012/j)/(150/(-375)). What is the greatest common factor of l and 11?
11
Let f be ((-8)/(-6))/(-12*(-517)/(-891) + 7). What is the highest common divisor of 5292 and f?
36
Let m = -3774 + 3887. Calculate the greatest common divisor of 5311 and m.
113
Let j(p) = 6*p**2 - 77*p + 45. Let z be j(17). Calculate the greatest common divisor of 10 and z.
10
Let j = 21084 + -1801. Calculate the greatest common factor of j and 22.
11
Let n be 53350/18 - (-312)/2808. Calculate the greatest common divisor of n and 234.
78
Suppose 127 = 5*t - 63. Let u(n) = 55*n + 5652. Let a be u(-100). Calculate the highest common factor of t and a.
38
Let j be ((-7 + 13)/(-1))/(1*-6). Let m be (1*29 + j)/((-90)/(-60)). Calculate the highest common factor of 12 and m.
4
Suppose 3*i + 6*q - q = 121, 5*i + 2*q = 189. Suppose 660 = 38*l - i*l. Calculate the greatest common factor of l and 6.
6
Let c(s) be the first derivative of 2*s**3/3 + s**2/2 - 3*s + 21. Let i be c(-3). Suppose -i*r + 0*r + 24 = 0. What is the highest common divisor of 4 and r?
2
Let w = -276 + 258. Let j(r) = r**3 + 16*r**2 - 39*r - 23. Let x be j(w). What is the highest common divisor of 31 and x?
31
Let y(q) = 450*q + 14984. Let r be y(-33). What is the highest common divisor of r and 37922?
134
Suppose d = -3*s + 2, 3*s = -2*d + 5 + 2. Suppose -5*i + 125 + d = 5*a, -i + a = -28. Suppose -4*o + 15 = o. What is the greatest common factor of o and i?
3
Suppose -410*c + 895059 = -350521. What is the highest common factor of c and 490?
98
Let w(k) = 5*k**2 + k + 2. Let a be w(0). Let c(h) = 12*h**3 - 4*h**2 + 6*h + 4. Let b be c(a). Calculate the greatest common divisor of 64 and b.
32
Let u be 106/(-689) + (4294/13)/2. Suppose 87 + 243 = 3*w. What is the highest common factor of u and w?
55
Suppose 4*c + 97 = 433. Suppose 99*x - 4065 + 875 = -25*x + 4622. Calculate the greatest common factor of c and x.
21
Let o = 3487 + -2065. Calculate the highest common factor of o and 158.
158
Let d be (-51 + 56)*((-1323)/3)/(-3). What is the highest common factor of d and 175?
35
Let m(v) = 4*v**2 + 2*v + 12. Let r be m(-5). Let t = 104 - r. Suppose t*c + 126 = 5*c. Calculate the greatest common divisor of 14 and c.
14
Let c be 3 + (-2)/(-2) + 0 + (-36)/(-9). Let z be 2090/9 + (-2)/9. Calculate the highest common factor of z and c.
8
Suppose -4*u = -5*u + 6. Let f(m) = 3*m**2 + 82*m - 49. Let p be f(-29). Calculate the highest common divisor of u and p.
6
Let c = -50 + 14. Let f = c - -91. Suppose -92*w + 60 = -80*w. What is the highest common factor of w and f?
5
Suppose 21 = -q + 3*p, 4*q + 15 = 2*q - 3*p. Let d be (-99)/q*(-160)/(-15). Calculate the highest common divisor of d and 176.
88
Suppose -5*o + 453 = -57. Let j = 172 - 196. Let m be (-30 - j)*(-17)/2. Calculate the highest common divisor of o and m.
51
Let b = -238 + 487. Suppose 639 = 2*y - b. What is the highest common divisor of y and 37?
37
Let r(n) = n**3 - 7*n**2 + 9*n + 6. Let x be r(2). Suppose -5*c - 547 = -d, 0 = -4*d + x*c - 0*c + 2268. What is the greatest common divisor of d and 44?
44
Suppose -18*i = 233 + 2449. Let h = 394 + i. Calculate the highest common factor of h and 35.
35
Let w = 2308 + -1412. Suppose -c - h = 3*h - 64, 160 = 3*c - 4*h. Calculate the highest common divisor of w and c.
56
Let i = 4810 - 4756. Calculate the highest common divisor of i and 684.
18
Suppose 126*r - 96*r - 2320 = -202*r. Suppose 3*u + 2*w = 555, -7*u + 740 = -3*u + 2*w. What is the highest common factor of u and r?
5
Let a(s) = 166*s + 1192. Let n be a(-7). What is the highest common factor of 4530 and n?
30
Let j = -15888 + 15934. Calculate the greatest common factor of j and 8.
2
Suppose -2*r + 10 = -4*r. Let n be r*(1 - 1 - (-4)/5). Let j be (-7 - n)/(3/(-14)). What is the greatest common divisor of 7 and j?
7
Let i(j) = j**3 + j**2 - 53*j - 14. Let g(m) = -3*m**3 - 25*m**2 - 12*m - 25. Let c be g(-8). Let t be i(c). Calculate the highest common divisor of t and 581.
7
Let b(u) = -2*u**2 + 15*u - 7. Let w be b(5). Let c(d) = d + 3. Let z be c(-1). What is the highest common divisor of w and z?
2
Suppose 173*n - 74*n = 693. What is the highest common factor of n and 2002?
7
Let u(c) = 5*c - 2. Let f be u(-3). Let h be 34/f + 4/(-6)*-6. Suppose h*z + 6 - 30 = 0. Calculate the highest common divisor of z and 24.
12
Suppose -3*y - 16 = y. Let d be -1*2 + y*9/(-2). Suppose -8*i - d = -10*i. What is the greatest common factor of i and 1?
1
Suppose 3*o - 97 = -2*h, 0 = 4*h + o + 42 - 261. Let v be 15/5 - (1 + -86). Calculate the highest common factor of h and v.
8
Let t(a) be the first derivative of -3*a**2 + 307*a - 54. Let r be t(50). What is the highest common factor of 63 and r?
7
Let v = -638 + 620. Let u be 2*243*(30/v)/(-5). Let x(f) = 3*f**2 + 4*f + 3. Let d be x(-3). Calculate the highest common factor of u and d.
18
Let i be ((-2)/(-5)*(-14980)/112)/(2/(-16)). What is the highest common factor of i and 1391?
107
Let r(x) = -x + 7. Let y be r(0). Let q = 59652 - 59071. Calculate the greatest common divisor of q and y.
7
Let d(s) = -218*s - 2. Let u be d(-2). Suppose -u = 2*w + 5*w. Let n = -53 - w. Calculate the highest common divisor of n and 72.
9
Suppose 0*k = 3*k - 12, 2*k = -4*l + 288. Suppose 2*f + 3*f - 25 = 0. Let x be (-2)/f + 432/30. Calculate the highest common divisor of x and l.
14
Let l = 43 + -40. Let s be 2 + (l - 10/1*-1). Suppose 5*j = -s, y - 3*j - 17 = -y. Calculate the greatest common factor of 12 and y.
4
Let h = -9567 + 20263. Suppose -4*z - 3*f - 2116 = -h, -4290 = -2*z - 4*f. Suppose -3*i - z = -16*i. What is the greatest common divisor of 15 and i?
15
Suppose 0*b - b + 5 = 0, 0 = 2*s + 4*b - 20. Suppose s = -5*i - 67 - 113. Let j = -28 - i. Calculate the greatest common factor of 64 and j.
8
Suppose 2*u + 2 = 0, 5*m + 7*u - 12*u = 24050. What is the highest common divisor of 21 and m?
21
Suppose 3 + 0 = b. Let q be b - -4*26/4. Let t = q - -15. Calculate the greatest common divisor of 55 and t.
11
Suppose 2106 = -a + 17*a - 60918. What is the highest common factor of 13 and a?
13
Let v(x) = -2*x**3 - 79*x**2 - 92*x - 67. Let l be v(-39). What is the highest common factor of l and 64?
16
Let i = 187 - 137. What is the highest common factor of 265 and i?
5
Let q = 5200 + -5038. Let b = 15 - -3. Calculate the greatest common divisor of q and b.
18
Let u(m) = -62*m - 1186. Let z be u(-32). Calculate the greatest common divisor of 266 and z.
266
Suppose -4*q + 5 = -215. Suppose 13 = -2*v + 5*v + b, v + 9 = 3*b. Suppose -v*u + 11 = -2*u. What is the greatest common factor of q and u?
11
Let b be 41 - 13/((-104)/(-24)). Let u(n) = -836*n. Let q be u(-1). What is the highest common divisor of b and q?
38
Suppose -298 = -m + 664. Let b be -95 + 83 + 24 + (61 - -1). What is the highest common divisor of m and b?
74
Suppose -2*d + s + 148 = 0, 4*s - 12 + 4 = 0. Suppose -3*a + 5*w - 7 + d = 0, w + 102 = 4*a. What is the greatest common divisor of 104 and a?
26
Suppose 5*q - 336 = 16*o - 17*o, 0 = o - 6. Calculate the greatest common divisor of 93 and q.
3
Suppose 3*i - 666 = -9*c + 5*c, 4*c - i - 658 = 0. What is the greatest common divisor of 645 and c?
15
Let l(y) = -2*y**3 + 57*y**2 - 73*y + 220. Let f be l(27). What is the greatest common divisor of f and 763?
109
Suppose 1008 = 9*o - 2*o. Suppose -5*l = -2*k - o, 3*l + 0*l = 3*k + 90. What is the greatest common divisor of l and 252?
28
Suppose 2*l - 3*u - 12 = 3, -3*l + 2*u + 35 = 0. Let z be 41*(-2 + (-8 - -16)). Suppose -z*d = -244*d - 210. Calculate the highest common divisor of d and l.
15
Let b(g) be the second derivative of g**3/6 + 3*g**2 - 46*g. Let n be b(7). Suppose -f + 182 = 6*f. Calculate the greatest common divisor of f and n.
13
Suppose -4*d + 1669 = 5*b - 1211, 4*b + 4*d = 2304. Suppose 39*m = 44*m - 180. What is the highest common divisor of b and m?
36
Let y(s) = -469*s + 34. Let i be y(-9). Calculate the greatest common divisor of i and 37.
37
Let m be ((